t are the prime factors of 1607014?
2, 71, 11317
List the prime factors of 122350.
2, 5, 2447
List the prime factors of 3108995.
5, 621799
List the prime factors of 4110973.
19, 61, 3547
List the prime factors of 980470.
2, 5, 98047
List the prime factors of 3928.
2, 491
What are the prime factors of 2011074?
2, 3, 13, 19, 23, 59
List the prime factors of 4404905.
5, 880981
List the prime factors of 58180.
2, 5, 2909
What are the prime factors of 3481029?
3, 229, 563
List the prime factors of 106083.
3, 3929
What are the prime factors of 41943588?
2, 3, 3495299
List the prime factors of 89343.
3, 1103
What are the prime factors of 748840?
2, 5, 97, 193
What are the prime factors of 2424153?
3, 19, 71, 599
List the prime factors of 2293068.
2, 3, 191089
List the prime factors of 420568.
2, 52571
What are the prime factors of 56313?
3, 6257
List the prime factors of 9660491.
401, 24091
List the prime factors of 2033747.
919, 2213
What are the prime factors of 1464454?
2, 103, 7109
List the prime factors of 469862.
2, 234931
List the prime factors of 13029745.
5, 2605949
What are the prime factors of 5846169?
3, 7, 167, 1667
What are the prime factors of 574337?
31, 97, 191
What are the prime factors of 14064645?
3, 5, 7, 133949
List the prime factors of 1565170.
2, 5, 281, 557
What are the prime factors of 127094?
2, 11, 53, 109
List the prime factors of 47393.
83, 571
List the prime factors of 5817087.
3, 353, 1831
What are the prime factors of 12572427?
3, 7, 598687
What are the prime factors of 27179245?
5, 151, 35999
List the prime factors of 22945709.
71, 293, 1103
List the prime factors of 579635.
5, 7, 16561
What are the prime factors of 1722749?
7, 19, 12953
List the prime factors of 259113.
3, 86371
What are the prime factors of 2535098?
2, 1267549
What are the prime factors of 545855?
5, 109171
List the prime factors of 168001.
43, 3907
What are the prime factors of 3355503?
3, 29, 38569
List the prime factors of 3187470.
2, 3, 5, 11, 13, 743
What are the prime factors of 3071881?
3071881
List the prime factors of 131315.
5, 26263
What are the prime factors of 737337?
3, 107, 2297
What are the prime factors of 11823624?
2, 3, 19, 43, 67
What are the prime factors of 9166286?
2, 1933, 2371
List the prime factors of 219494.
2, 11, 907
List the prime factors of 614453.
7, 61, 1439
List the prime factors of 13828559.
13828559
What are the prime factors of 305163?
3, 41, 827
What are the prime factors of 824995?
5, 164999
What are the prime factors of 25345?
5, 37, 137
What are the prime factors of 77011?
11, 7001
List the prime factors of 80975.
5, 41, 79
List the prime factors of 144217.
29, 4973
List the prime factors of 619486.
2, 7, 44249
List the prime factors of 2290917.
3, 181, 4219
What are the prime factors of 5832365?
5, 7, 11, 15149
What are the prime factors of 2657107?
173, 15359
What are the prime factors of 115021?
115021
List the prime factors of 339016.
2, 31, 1367
List the prime factors of 3579740.
2, 5, 178987
What are the prime factors of 907317?
3, 73, 1381
What are the prime factors of 561135?
3, 5, 37409
What are the prime factors of 336242?
2, 89, 1889
What are the prime factors of 304204?
2, 59, 1289
List the prime factors of 1398713.
59, 151, 157
List the prime factors of 4130881.
17, 43, 5651
What are the prime factors of 26952320?
2, 5, 23, 1831
List the prime factors of 41269.
41269
What are the prime factors of 29769861?
3, 11, 107, 8431
What are the prime factors of 20619738?
2, 3, 421, 907
What are the prime factors of 130345?
5, 131, 199
What are the prime factors of 1049522?
2, 19, 71, 389
List the prime factors of 2360497.
2360497
List the prime factors of 5832797.
971, 6007
List the prime factors of 28883990.
2, 5, 19, 281, 541
What are the prime factors of 267356?
2, 89, 751
List the prime factors of 2369052.
2, 3, 7, 17, 79
What are the prime factors of 156705?
3, 5, 31, 337
List the prime factors of 4864368.
2, 3, 101341
What are the prime factors of 3046243?
547, 5569
List the prime factors of 3937193.
13, 23297
List the prime factors of 467551.
7, 17, 3929
What are the prime factors of 4666363?
13, 358951
List the prime factors of 357567.
3, 7, 17027
List the prime factors of 916250.
2, 5, 733
What are the prime factors of 4806342?
2, 3, 17, 113, 139
What are the prime factors of 9222677?
2339, 3943
List the prime factors of 4150353.
3, 1383451
What are the prime factors of 292483?
292483
List the prime factors of 251801.
11, 2081
List the prime factors of 19832041.
263, 75407
What are the prime factors of 444737?
17, 26161
What are the prime factors of 774700?
2, 5, 61, 127
List the prime factors of 20645557.
2137, 9661
List the prime factors of 34606017.
3, 3845113
List the prime factors of 121579.
121579
List the prime factors of 76356.
2, 3, 7, 101
List the prime factors of 1100379.
3, 7, 61, 859
What are the prime factors of 8910446?
2, 4455223
What are the prime factors of 340892?
2, 85223
List the prime factors of 167061.
3, 233, 239
List the prime factors of 2058466.
2, 107, 9619
List the prime factors of 10858700.
2, 5, 108587
What are the prime factors of 1025976?
2, 3, 7, 31, 197
What are the prime factors of 4210474?
2, 43, 173, 283
List the prime factors of 93790.
2, 5, 83, 113
What are the prime factors of 13990851?
3, 7, 137, 1621
What are the prime factors of 1447906?
2, 613, 1181
List the prime factors of 4789800.
2, 3, 5, 887
What are the prime factors of 929254?
2, 17, 151, 181
What are the prime factors of 766940?
2, 5, 31, 1237
What are the prime factors of 137592?
2, 3, 7, 13
List the prime factors of 352220.
2, 5, 11, 1601
List the prime factors of 66976.
2, 7, 13, 23
What are the prime factors of 32610?
2, 3, 5, 1087
What are the prime factors of 72541?
7, 43, 241
List the prime factors of 1122848.
2, 35089
What are the prime factors of 15543554?
2, 13, 43, 13903
What are the prime factors of 185546?
2, 113, 821
What are the prime factors of 6309973?
6309973
What are the prime factors of 3117413?
13, 29, 8269
List the prime factors of 464211.
3, 11, 521
What are the prime factors of 1772391?
3, 590797
List the prime factors of 633135.
3, 5, 42209
What are the prime factors of 244775?
5, 9791
List the prime factors of 843282.
2, 3, 11, 4259
What are the prime factors of 1040357?
197, 5281
What are the prime factors of 14561481?
3, 11, 441257
List the prime factors of 128973.
3, 13, 3307
List the prime factors of 468004.
2, 23, 5087
What are the prime factors of 5188077?
3, 17, 89, 127
List the prime factors of 447690.
2, 3, 5, 14923
List the prime factors of 318808.
2, 7, 5693
List the prime factors of 948726.
2, 3, 17569
List the prime factors of 11298.
2, 3, 7, 269
What are the prime factors of 267862?
2, 7, 19, 53
What are the prime factors of 170630?
2, 5, 113, 151
What are the prime factors of 620090?
2, 5, 59, 1051
What are the prime factors of 1393496?
2, 13, 13399
What are the prime factors of 4401070?
2, 5, 31, 14197
List the prime factors of 1231765.
5, 23, 10711
What are the prime factors of 93515?
5, 59, 317
What are the prime factors of 1219441?
401, 3041
What are the prime factors of 684967?
421, 1627
What are the prime factors of 88431?
3, 7, 4211
List the prime factors of 3218587.
3218587
List the prime factors of 516851.
17, 30403
What are the prime factors of 489117?
3, 19, 8581
List the prime factors of 34034.
2, 7, 11, 13, 17
What are the prime factors of 288342?
2, 3, 83, 193
What are the prime factors of 3675885?
3, 5, 269, 911
What are the prime factors of 31010?
2, 5, 7, 443
What are the prime factors of 639382?
2, 319691
What are the prime factors of 3066361?
743, 4127
What are the prime factors of 39466270?
2, 5, 139, 28393
What are the prime factors of 22463558?
2, 13, 863983
List the prime factors of 1066492.
2, 7, 41, 929
What are the prime factors of 583703?
163, 3581
What are the prime factors of 1234778?
2, 17, 23, 1579
What are the prime factors of 747667?
467, 1601
List the prime factors of 3457784.
2, 11, 39293
List the prime factors of 722974.
2, 7, 113, 457
What are the prime factors of 2415969?
3, 331, 811
What are the prime factors of 554228?
2, 127, 1091
What are the prime factors of 10463?
10463
What are the prime factors of 120415